 j(c) = -c**2 + 8*c + 60. Let x be j(11). What is the highest common divisor of x and 162?
27
Let j(w) = -2*w + 1. Let m be j(-2). Suppose 5*p = -3*l + 10, 3*p - 4 = 4*p. Calculate the highest common divisor of l and m.
5
Suppose 22 = 3*z - 32. Suppose -3*r + z = -54. Let s(y) = -11*y + 2. Let l be s(-2). What is the highest common factor of l and r?
24
Let z be (1/1)/((-2)/(-8)). Let n = 8 - z. Suppose -4*m - 3*x + 50 = -107, n*x + 44 = m. What is the highest common divisor of 10 and m?
10
Let z be (-1204)/(-30) + (-88)/660. Let o = -3 + 23. What is the greatest common factor of o and z?
20
Let g = 63 + -51. Suppose -61 + 26 = -d - o, -d + 20 = -2*o. What is the highest common factor of g and d?
6
Let p = -87 + 107. What is the greatest common factor of 50 and p?
10
Suppose -5*x = -5*b - 81 + 1, 46 = x + 5*b. Suppose 3*m + 327 = 2*c, -5*c + 15*m - 20*m = -855. What is the highest common divisor of c and x?
21
Suppose -4*l = -5*i - 1445, -4*l = 4*i - 58 + 1178. Let d = i + 413. Let k(v) = v**2 - 8*v + 7. Let h be k(9). Calculate the greatest common divisor of d and h.
16
Let z be 1 + 1 + 40 + 0. Suppose 4*d + d = 0, 0 = -4*o - 4*d + 420. What is the greatest common factor of z and o?
21
Let c be 32 - -1*(-4)/(-2). Let o(d) = 110*d**2 + d. Let k be o(1). Let w = k - c. What is the highest common factor of w and 11?
11
Let q(x) = 4 + x - 6 - 3 + 28*x**3. Let o(u) = -u**3 + 1. Let b(i) = 4*o(i) + q(i). Let m be b(1). Calculate the highest common factor of 60 and m.
12
Suppose 0 = -x + 8 + 9. Let g(v) = 19*v**2 + 7*v. Let n be g(-4). Let z = n + -157. What is the greatest common divisor of x and z?
17
Let y = -4 - -110. Let h = 183 - y. What is the greatest common factor of h and 7?
7
Suppose 0*k = -2*k + 6. Suppose -k*l - 6*y + 2*y + 290 = 0, -y + 489 = 5*l. Calculate the greatest common divisor of 14 and l.
14
Let p = 52 - 255. Let y = p + 456. What is the greatest common factor of y and 23?
23
Let k(f) = -5*f**3 - 2*f**2 - 2*f - 1. Suppose -y - 1 = -0. Let s be k(y). Let h be s/2 - (2 + -50). Calculate the greatest common factor of h and 5.
5
Suppose 5*l = -5*x + 10, -3*l - 4 = -4*x + 25. Suppose 3*m - x*m + 12 = 0. What is the highest common factor of 2 and m?
2
Let o = -63 + 117. Calculate the greatest common divisor of 6 and o.
6
Let t = 28 + -17. Suppose -3*k = -4*w + 156, -w + 4*k + 41 + t = 0. Calculate the highest common divisor of w and 12.
12
Suppose -4*k - 16 = -5*r, 2*k - 22 = 2*r - 7*r. Let a = -4 - -6. What is the greatest common divisor of a and k?
1
Suppose -2*z = 0, 3*z - 115 = -5*r + 4*z. What is the highest common factor of r and 115?
23
Let g(l) = -l**2 + 6*l + 7. Suppose -35 = -4*b - 5*r, 4*b + 2*r = -0*r + 26. Let a be g(b). Calculate the highest common divisor of a and 24.
12
Let a be 2/(-5) - (-597)/5. Calculate the highest common divisor of a and 17.
17
Suppose -3*f - 1 = -2*f - u, 2*u - 12 = -3*f. Let y be -1*2*(f - -58). Let w be 3/((-6)/2) - y. Calculate the highest common factor of w and 17.
17
Let r = 22 - 19. Suppose -60 = -r*h - h. Calculate the highest common factor of 15 and h.
15
Suppose 0 = -19*b + 7262 - 1752. Calculate the greatest common factor of b and 10.
10
Let v(z) = z**3 + 5*z**2 + z + 2. Let l be v(-4). Calculate the greatest common divisor of 2 and l.
2
Suppose -4*u = -3*p - 61, -3*u - 2*p = u - 46. Suppose -a = a + 624. Let g be (-2)/(-8)*a/(-6). What is the greatest common factor of u and g?
13
Let a(l) = -4*l - 92. Let p be a(-26). Let o = 71 - 41. Calculate the greatest common divisor of p and o.
6
Let l be (-4)/4*(-49 - (2 + -6)). Calculate the highest common factor of 30 and l.
15
Let k be (-1)/(-5) + 98/10. What is the greatest common divisor of 4 and k?
2
Let k(f) be the second derivative of f**3/3 - 3*f**2/2 - 2*f. Let t be k(7). What is the greatest common factor of 11 and t?
11
Let p be 1 - (-1)/(2 + -1). Suppose -2*u - p*r + 24 = 2*r, -2*r + 16 = 2*u. Let z = u + -2. Calculate the highest common divisor of z and 18.
2
Let r be (-3 + (-5)/(-3))*3. Let q = r + 6. Suppose -2*b - s + 65 = 0, 0 = q*s - 1 - 1. What is the greatest common factor of b and 8?
8
Let h(q) be the second derivative of q**3/6 + 2*q. Suppose -18 = -5*y + 2*y. Let t be h(y). What is the highest common divisor of 54 and t?
6
Let i(l) = 17*l**2 - 4*l. Suppose -v + 4 = 7. Let c be i(v). What is the greatest common divisor of c and 15?
15
Suppose 0*s = 5*s - 20. What is the highest common divisor of s and 1?
1
Let t be (9/(-2))/(1/(-6)). Suppose 0 = -13*f + 18*f - 45. Calculate the highest common divisor of t and f.
9
Let y(b) = 2*b + 6. Let x be y(-4). Let f(v) = 7*v**2 + 2*v - 2. Let c be f(x). Calculate the greatest common divisor of 33 and c.
11
Suppose 3*c - 12 = -c. What is the highest common factor of c and 27?
3
Let a = -1 - -3. Suppose -g + 17 = 3*v, a + 7 = 5*g - 4*v. Calculate the highest common divisor of 25 and g.
5
Let b(r) = -3*r**2 + 41*r + 25. Let m be b(13). What is the highest common divisor of 102 and m?
51
Suppose -3*f - 29 = -2*y - 8, -15 = -3*y - f. Let a be 3/y + 98/4. Let h be 12 + 1 + 3 + -6. Calculate the greatest common divisor of h and a.
5
Suppose 0 = -0*h - 3*h + 9, 2*h = -3*i + 45. Calculate the highest common divisor of i and 117.
13
Let v be (-1)/1 - (-30 + -11). What is the greatest common divisor of 4 and v?
4
Let j(p) = 10*p**2 - p. Let z be j(2). Suppose 12 + 7 = n. Calculate the greatest common divisor of n and z.
19
Suppose 4*u + 110 = 6*u - 4*k, 2*u - k = 110. What is the highest common factor of u and 22?
11
Suppose -3*t + 8 = 62. Let w be (2/(-4))/(3/t). Suppose -w*o = -6*o + 24. What is the greatest common divisor of o and 56?
8
Let b = 143 - 134. What is the highest common divisor of 90 and b?
9
Let m be 296/104 + 4/26. Suppose 3*j = 2*j + 4*x + 23, 5*j - m*x - 64 = 0. What is the highest common factor of j and 22?
11
Let d be 62/3 + (-1)/(-3). Let u be 3/((-3)/3) + -12. Let s be 1/(-3) - 110/u. Calculate the highest common factor of s and d.
7
Suppose 0 = 10*f - 8*f - 100. Calculate the greatest common factor of 10 and f.
10
Suppose 3*v = 5*n - 39, 6*v = -3*n + 2*v + 35. Calculate the greatest common divisor of 1 and n.
1
Let u be (-3)/(2*3/(-22)). Suppose 17 = 4*g - u. Calculate the greatest common factor of 7 and g.
7
Suppose 4*y = -4*a + 144, 5*y = 2*a - 0 - 44. Let i = 5 + 11. Suppose 19*v = 15*v + i. Calculate the highest common factor of v and a.
4
Let a(d) = 3*d**2 - 33*d - 13. Let r be a(12). Calculate the highest common factor of r and 207.
23
Let z be ((-2)/3)/(8/(-1728)). Calculate the greatest common divisor of 16 and z.
16
Suppose 0 = -9*c + 249 + 183. Let m be (-126)/(-4) - 2/(-4). What is the highest common factor of m and c?
16
Let v = 28 + -7. Calculate the highest common divisor of 42 and v.
21
Let g be 1*(-1 - 0)*50. Let w be -1 - (g - 2)/2. Suppose -48 = -4*m + 4*l, 2*l - w = -3*m - 2*m. Calculate the greatest common factor of 56 and m.
7
Let r = -13 + 23. What is the highest common factor of r and 5?
5
Let x(j) = -j + 10. Let g be x(5). What is the highest common factor of 40 and g?
5
Suppose -4 = -2*f + 4. Suppose 2*t + 10 = f*t. Suppose -3*b - b = g - 92, -t*g = 0. What is the greatest common divisor of b and 207?
23
Suppose 2*p - 2 = 0, 4*w - 5*p = -3*p + 1074. Suppose -b + 10 = -3*t + 163, -3*b = 5*t - w. What is the greatest common divisor of 13 and t?
13
Let n(f) = -23*f - 5. Let a be n(-5). Let z be 2*(-2 - -9) - 3. Suppose 0 = -d + z - 1. Calculate the highest common factor of a and d.
10
Let o(z) = -2*z + 68. Let g be o(22). Calculate the greatest common divisor of 6 and g.
6
Let h be -26*(-3 + 1/(-2)). Calculate the greatest common divisor of h and 13.
13
Let c(z) = 7*z - 1. Let a be c(1). Let u = -2 + a. Let y be (6 - 1)*(-3)/(-15). What is the greatest common factor of u and y?
1
Let f(o) = -o**2 - 4*o. Let x be f(-4). Suppose 0 = -c + 4*a + 136, x = -5*c - 3*a + 226 + 408. Calculate the highest common factor of 16 and c.
16
Let v = 47 + -23. Calculate the highest common factor of 8 and v.
8
Suppose w + 564 + 289 = -5*k, 0 = -3*k + 3*w - 501. Let f = -100 - k. Calculate the greatest common divisor of f and 28.
14
Suppose -9*s + 48 = -5*s. What is the greatest common factor of 30 and s?
6
Let h = 48 - 29. Let q = 30 - h. Calculate the highest 